= 8*n**2 + 46*n + 13. What is the units digit of j(-11)?
5
What is the units digit of ((-882)/(-70))/(3/10)?
2
Suppose c = -3*c - 792. Let t be c/4 - (-12)/24. What is the tens digit of (3 + (2 - 6))*t?
4
Let t(w) = w**3 + 32*w**2 + 61*w + 35. What is the units digit of t(-30)?
5
Suppose 21*x = 26*x - 1565. Suppose -5*g = 5, -3*h + g + 3*g + x = 0. What is the units digit of h?
3
Let c(z) = -3*z**2 + 23*z + 8. Let x be c(8). What is the units digit of -4 + 105 + (-4 - x)?
7
Let n = 872 + -300. Suppose 11*v = 2453 - n. What is the units digit of v?
1
Let p be (-36)/378 + (-88)/(-42). Suppose -2*n = -5*y + 993, -4*n + 9*n - 403 = -p*y. What is the units digit of y?
9
Let b(x) = -x**2 - 23*x + 8. Suppose 0*c - c - d = 18, 0 = -4*d - 8. Let j be b(c). Suppose -4*g = 0, -6*u = -u + 5*g - j. What is the units digit of u?
4
Let h(u) = 12*u**2 + 32*u - 103. What is the thousands digit of h(-14)?
1
Let z = -673 - -4538. What is the thousands digit of z?
3
Let l(t) be the first derivative of 23*t**3/3 - t**2/2 - 2*t - 17. What is the tens digit of l(-1)?
2
Let k(q) = 4*q**3 - q. Suppose z - 7 = -5*g + 2*z, 5*g - 9 = 2*z. Let v be k(g). Suppose 0 = -w - 2, v*s + w + 3*w = 43. What is the units digit of s?
7
Let p(y) = -y**2 + 4*y + 65. Let b be p(0). What is the units digit of 5405/b - 6/39?
3
Let q be (6 + -5)*(0 - 9). Let o = 8 - q. Let f = o - 7. What is the tens digit of f?
1
Suppose 2*a + 4*k - 410 = 214, a = -3*k + 310. What is the units digit of a?
6
Suppose 5*y = g + 3391, g + 2147 = 4*y - 566. What is the hundreds digit of y?
6
Suppose -48 = -9*x + x. Let l(y) = -y**3 + 11*y**2 - 7*y + 3. What is the hundreds digit of l(x)?
1
Let m = 1704 - -3478. What is the units digit of m?
2
Suppose -15 = -3*a - 0. Let f be 1*15 + -8 + a. What is the units digit of (30/f)/(2/16)?
0
Suppose 0 = -u + l + 9 - 1, u + l = 2. Let j(m) = 418*m - 495. Let t(y) = 11*y - 13. Let x(w) = -2*j(w) + 77*t(w). What is the tens digit of x(u)?
4
Suppose 19*y - 110*y = -288652. What is the hundreds digit of y?
1
Let k = 436 + -112. What is the hundreds digit of k?
3
What is the thousands digit of (-1)/(((-2)/(-7206))/(32/(-96)))?
1
Suppose 0 = 3*c - 803 + 50. What is the units digit of c?
1
Let p be (-1)/(3/(-3)) + -10. Let v = -2 - p. Let b(w) = w**2 - w + 1. What is the tens digit of b(v)?
4
Suppose -29*a + 21326 + 6224 = 0. What is the units digit of a?
0
What is the thousands digit of ((-15)/20)/(-3) + 39361/28?
1
Suppose -4*u + 13*n + 10394 = 12*n, u + n - 2596 = 0. What is the tens digit of u?
9
Suppose 5*c = 16*c - 1980. What is the tens digit of c?
8
Let q = 684 - 643. What is the tens digit of q?
4
Suppose 893 = 2*w + 5*u + 336, -5*w + 2*u + 1320 = 0. Suppose 0 = -5*g + 4*t + 1647 - 275, g = 5*t + w. What is the hundreds digit of g?
2
What is the hundreds digit of 6/(-4) - 15645/(-30)?
5
Let r(s) = 3*s**2 - 100*s + 37. What is the thousands digit of r(44)?
1
Suppose 2*p + 5*z = -0*z, 2*z = 0. Let g be (1 + p)/(5/290). Suppose g = q + q. What is the units digit of q?
9
Let r be 4/((-1)/(14/4)). Let t = 17 + r. Suppose 0 = -2*i + t*i - 32. What is the units digit of i?
2
Suppose 2*y = -2*u + 10, -2*y - 3*y + 3*u = 15. Suppose y = 2*b + 4*a - a - 174, -4*b - 4*a + 348 = 0. What is the tens digit of b?
8
Let p = -37 + 27. What is the tens digit of 52/(-5)*p/4 + -3?
2
Let t(y) = y**3 + 19*y**2 + 50*y + 15. What is the tens digit of t(-13)?
7
Let p = -1755 + 3072. What is the tens digit of p?
1
Let x(w) = 1 + 2 + 3*w**2 - 22 + w**3 - 7*w**2 + 6*w. What is the tens digit of x(8)?
8
Let c be (-32)/(1/4*2*-2). Let l = -6 + c. What is the units digit of l?
6
Let k = -46 - -99. Suppose k = w + 8. What is the units digit of w?
5
What is the tens digit of 1/14 - (-1553596)/952?
3
Let o(y) be the first derivative of 3*y + 2 + 1/2*y**2. What is the units digit of o(6)?
9
Suppose -24*y = -23630 - 12730. What is the units digit of y?
5
Suppose 0 = 45*o - 42*o - 690. Let c = o - 119. What is the units digit of c?
1
What is the tens digit of (0 - 492/(-14))*35?
3
Let n = 24 - 14. Let l be ((-8)/10)/(1/n). What is the tens digit of l/(-10)*380/8?
3
Suppose 30 = -4*m - 5*a + 4, m + 7 = -a. Let g be (-440)/(-36) + 2/m. What is the units digit of 472/g - (-6)/9?
0
Suppose f + 3*f = 28. Let u(i) = 2*i - 11. Let w be u(f). Suppose 0 = -p - 5*g + 44, -w*g + 96 = 3*p - 0*g. What is the tens digit of p?
2
Suppose -258 = -3*u + 3*i, 2*i = -2*u - 0*u + 184. Suppose 0 = -3*r + 148 + u. What is the tens digit of r?
7
Let s(r) be the second derivative of r**4/12 + r**3/6 - 4*r**2 - 6*r. Let j be s(6). Let b = 50 - j. What is the tens digit of b?
1
Let p(s) = -s**2 + s - 5. Let h be p(0). What is the units digit of (-324)/(-90) - 2/h?
4
Suppose 2*t = -3*t + 35. Suppose 0 = t*f - 2*f + 40. What is the tens digit of (-1)/4 - 258/f?
3
Let q = 42 + -44. What is the tens digit of (-98)/q - (-1 + 1)?
4
Let z(h) = 64*h - 16. Let p(k) = 13*k - 3. Let r(f) = -33*p(f) + 6*z(f). Let i be r(-5). Suppose 2*c - i = -2*c. What is the tens digit of c?
5
Suppose 120 = 2*t + 2*n, -2*t - 2*n + 114 = 2*n. Let c(b) = b**2 + 4. Let w be c(-6). Let l = t - w. What is the tens digit of l?
2
Let i(u) = u**3 - 3*u**2 - 5*u + 9. Let s be i(4). Suppose -2 + 12 = s*q. What is the tens digit of q/6*(179 - 2)?
5
Suppose -9*n + 22*n - 65975 = 0. What is the hundreds digit of n?
0
Suppose h - 5*s - 488 = 912, 4*h - 5*s - 5570 = 0. What is the units digit of h?
0
Let d(l) = -l**2 - 9*l - 4. Let h be d(-8). Suppose h*m = 4*u - 4 - 4, -6 = -2*m - 3*u. What is the units digit of (m - 0) + (48 - -5)?
3
Let w = -58 + 57. What is the units digit of (-1216)/(-16) + (3 - w)?
0
Suppose 8 = -h - 5. Let o = h + 13. Suppose o = 5*w + 12 - 162. What is the units digit of w?
0
Suppose 0 = 3*p - 6*p + 36. Suppose -4*g + 3*q + 21 = 0, 0*g = -5*g - q + p. Let t(h) = 3*h. What is the units digit of t(g)?
9
Let h be (-3 + 3)/4 + -13. Let z = 6 - h. Let t = 30 - z. What is the tens digit of t?
1
What is the hundreds digit of ((-8033)/(-145))/((-1)/(-5))?
2
Let v = 133 - -236. What is the tens digit of v?
6
Let j = -14 + 17. Suppose -5*i - 18 = -j. What is the tens digit of ((-3)/2)/(i/62)?
3
Let p be (1/(-1))/((-2)/630). Suppose u + 6*u - p = 0. Suppose 3*w + u = 4*w. What is the tens digit of w?
4
Let s(a) = 743*a + 5. What is the tens digit of s(1)?
4
Let i(k) = 2*k**3 - 30*k**2 + 2*k + 8. What is the hundreds digit of i(16)?
5
Let r(p) = 164 + p**2 - 9*p + 3*p**3 + 7*p - 4*p**3. Let s be r(0). Suppose -5*x - 4 + s = 5*y, -x + 44 = -5*y. What is the units digit of x?
4
Suppose 0*n + n = 55. Let r = n - 5. What is the tens digit of (-1 + (-28)/(-20))*r?
2
Let w be 208 + -1 - (-10 - -6). Suppose 5*j + w = 3*h, 3*j = -2*h + j + 146. What is the units digit of h?
2
Let i(q) = 32*q + 17. Let n be i(5). Suppose -4*h - 417 = -5*l, -l + 5*h + n = l. What is the tens digit of l?
8
Let f(m) = 292*m - 26. What is the units digit of f(6)?
6
Suppose 2*p - 23*p + 49707 = 0. What is the thousands digit of p?
2
Suppose 47*w = 35*w + 12876. What is the hundreds digit of w?
0
Suppose 2*s + q - 5 = -0*s, 3*q - 7 = -4*s. Suppose 0 = r + s*r + 5*f - 60, 3*f = -r + 18. What is the units digit of 3/(-3 + 30/r)?
9
Suppose 5*i - 10 + 0 = 0. Suppose -19 = -i*y + 41. What is the tens digit of y?
3
Suppose 0 = -1883*d + 1880*d + 3798. What is the thousands digit of d?
1
Suppose 2*x = -w + 5, -w - 9 - 16 = -4*x. What is the units digit of 9/(-15) - (-153)/x?
0
Let q(j) = -j - 8. Let d be q(0). Let s = 16 + d. Let o = s - -4. What is the units digit of o?
2
Let n be 3*(9/12)/((-54)/48). What is the tens digit of (-17720)/(-56) - 4*n/14?
1
Let y(a) = a**3 + 17*a**2 - 23*a - 36. What is the hundreds digit of y(-14)?
8
Let j = 839 + 123. What is the units digit of j?
2
Let x(a) = 2*a + 40. Let o(k) = -k - 39. Let z(u) = 5*o(u) + 4*x(u). What is the units digit of z(13)?
4
Let t(j) be the first derivative of j**2/2 + 30*j + 4. What is the units digit of t(0)?
0
Let b(g) = g**2 - 8*g + 3. Let x be b(6). Let l = x + 23. What is the tens digit of l?
1
Suppose 0 = -2*w - 2*v + 1976 + 1170, -2*v - 6262 = -4*w. Suppose 9*p + w = 5*p. What is the units digit of 4/18 + p/(-18)?
2
Let c(p) = -p**3 + 18*p**2 + 3*p - 27. Let w be c(19). Let j = w - -585. What is the tens digit of j?
5
Suppos